5 + 1 + 256 + -247?
-5
-10 - (28 + 12 + -35)
-15
Evaluate 11 + (-15 - -10) + 2.
8
655 + -649 + 4 + 1 + -2
9
What is the value of 8 + -35 + 10 - -15 - (5 - 1)?
-6
24 - (1 - -8 - (-58 - -65))
22
4 + -3 - 5 - -5
1
Evaluate 12 - (27 - (-49 - -59)).
-5
What is -31 - (-32 + -11) - 9?
3
-17 + (36 - (30 - -14))
-25
What is (-21 + 32 - 27) + 0 + 12?
-4
Calculate 479 + -495 + (-1 - -15).
-2
Evaluate (23 - 0) + -405 + 400 + 13.
31
What is the value of 76 + -30 + (-35 - 28)?
-17
Evaluate 1 + -2 + 6 + -133 + 57 + 69.
-2
(8 - 1) + -11 + -7
-11
Evaluate -7 - -1 - (42 - (31 - (19 + -11))).
-25
What is (6 - 7 - ((-1 - 5) + 6)) + -2?
-3
What is the value of (-9 - (-13 - -7)) + 3?
0
8 + -20 + (3 - -11) + 0
2
Evaluate -4 + (11 - 31) + 42.
18
What is the value of -33 + (5 - -11) + 19?
2
What is (5 - (-19 + 2)) + (25 - 29)?
18
Evaluate -15 - (-2 + (3 - 10 - 6)).
0
What is -14 + (1 - -15) - (-5 - 3)?
10
What is -1 - 11 - (-36 - -16) - 8?
0
Calculate -56 + (38 - 12) - -27.
-3
Calculate 9 + (12 - (13 - (-10 - 1))).
-3
Calculate (-7 - (26 + -27)) + -11.
-17
What is the value of (1 - (25 + 4 + 1 + -9)) + 1?
-19
Evaluate (36 - 52) + 0 - -22.
6
What is -632 + 630 + (12 - -1)?
11
What is the value of 9 - (14 - 7 - -4) - 12?
-14
Evaluate 26 + -7 - (95 - 80).
4
What is 9 - (0 + (6 - 10) - (-1 - 2))?
10
27 + -33 - -12 - (1 + -1 - -8)
-2
Calculate 14 - (-3 + 4 + 41) - 12.
-40
Calculate -2 + (7 - 6) - -6 - -10.
15
What is the value of -7087 + 7094 - (0 - (-7 - (-1 - -3)))?
-2
Evaluate 7 + (-13 + -18 - -5).
-19
Evaluate -14 - (0 - (23 - (15 - 8))).
2
What is (-715 - -708) + (-3 - -18 - 3) + -2?
3
What is the value of (-6 - (-23 - -15)) + -2 + -12?
-12
Calculate -17 - (-12 + 13 + -22) - (-13 + 0).
17
Calculate 3 + (-10 + 3 - -9 - -5).
10
Evaluate (6 - (-10 + -1 + 5)) + (6 - 11).
7
What is -22 - -56 - 37 - (4 - (-7 + 1))?
-13
What is the value of 20 - (8 + (-16 - -15))?
13
What is the value of 0 + 10 - (13 + -4 + -11 + 3)?
9
Calculate 19 - (-19 + (15 - 3) + 56).
-30
Evaluate (0 - -2) + 2 + (-550 - -529).
-17
1 + -8 - (0 + 2 + (2 - 0))
-11
Evaluate 3 - (91 - 98 - (-14 - 0)).
-4
What is the value of -2 + 14 + -6 + -6?
0
(5 + 0 - ((-10 - -24) + -19)) + -36
-26
Evaluate 11 + (-3 - ((1 - -1) + -2)) - 2.
6
What is 2 + -4 + (23 - 0) + -1?
20
Calculate -3 - (-2 + -10 + (0 - -8)).
1
What is the value of 27 + (-66 - 5) - -25?
-19
Evaluate 42 + 1 - (-9 + 7 + -6 + 19).
32
What is 5 - (27 - (15 + -5))?
-12
What is -22 - (14 + (-44 - -14))?
-6
What is the value of -15 + -16 + 9 + 20?
-2
What is -2 + 4 + (-15 - -21)?
8
Calculate -3 + (6 - 2) + -3 - -19.
17
Calculate 20 + -68 + (0 - -39).
-9
Evaluate -16 + (40 - (1 - 1)).
24
What is the value of -17 + (-13 - (-66 + 20))?
16
Evaluate -34 - (-9 + 4) - (37 - 46).
-20
Evaluate 1 + -6 + (6 - -1).
2
What is the value of (-5 - -17) + -12 + (-11 + 25 - -4)?
18
What is -14 + (16 - 13) - (-2 - 6) - -6?
3
What is 156 + -144 + 1 + -17 - (13 - 3)?
-14
What is -1 + -8 - (30 - (40 + 1))?
2
Calculate 7 + 136 + -155 + (6 - -2).
-4
Evaluate 2 + 10 + -4 - 18.
-10
26 + (12 - 11) - 26
1
Evaluate (8 - 2 - (5 + -7 - -5)) + -14.
-11
What is -1 - -1 - (-13 - (-3 + 3))?
13
Evaluate (3 - (17 - 8)) + -2 + -6.
-14
What is the value of 11 + -14 + (-4 - -12) + -9?
-4
What is the value of -45 + -11 - (35 + -65)?
-26
Evaluate (27 - 0 - 22) + -27.
-22
What is the value of (-8 - (-2 - 3)) + 5?
2
Calculate (-19 - -64 - 51) + (-6 - 2).
-14
Calculate (-34 - -33) + -2 - (-28 - 2).
27
What is -6 + 1 + (7 - (-5 + (-4 - -12)))?
-1
What is the value of 15 - ((0 - 12) + -50 + 47)?
30
Evaluate -10 + (-1 - (10 - 6) - (-1 - -4)).
-18
Evaluate (10 - 39) + -6 - -46.
11
What is -1 - -27 - (557 - 547)?
16
What is -14 + 2 + 18 + -8 - -15?
13
Calculate -11 - ((-16 - -38 - 7) + -26).
0
What is the value of -39 + (-21 - -56) + 11 + -2?
5
-10 + (-1 - (-6 - 20)) + -10
5
115 + -140 + (-1 - 0)
-26
Calculate 4 + -16 + (24 - (16 + 18)).
-22
What is the value of 4 - (4 - 12 - -13)?
-1
Evaluate 10 + (-2 - (2 - -29)) - (-6 + 1).
-18
Evaluate 1 - (-9 - ((-12 - 2) + -1)).
-5
Calculate (-5 - (4 + -2)) + 1 + (-20 - -13).
-13
What is 3 - (-3 + -2 + 1) - (-11 + 20)?
-2
Evaluate -16 - (3 - 8 - (-1 - (3 - 5))).
-10
What is -1292 + 1298 + (3 + -1 - 0 - 14)?
-6
What is the value of (-3 - -5 - -3 - 3) + 2?
4
What is 1 + 26 - (560 - 521)?
-12
-1 + (-3 - (-14 + 1)) - (-54 - -61)
2
Calculate 9 + 0 - (-82 - -90).
1
What is the value of 7 - ((29 - 16) + 2)?
-8
Evaluate 10 - (-23 - -2) - 12.
19
Calculate (-5 - 17) + -2 - -14.
-10
-1 + 0 + 3 + 4 + -203 + 222
25
Evaluate 1 + (-25 + 57 - -4).
37
What is (3 + 5 - -11) + -9?
10
What is (47 - (20 + 11)) + -12?
4
Evaluate 14 + (-1 - (3 - 3)) + -8.
5
1 + 0 + 8 + 2 - 26
-15
Calculate 236 + -223 + (8 - (0 - -3 - 2)).
20
Evaluate -10 + 3 - (12 - -2 - 10).
-11
What is -17 - (-4 - (-23 - (-1 - 15)))?
-20
What is 19 + (20 - 20) + 0?
19
0 + -1 + (9 + -3 - (16 - 6))
-5
What is the value of (-263 - -255) + 5 + 3 + -2?
-2
25 + -15 - (23 - 12)
-1
(14 - 0) + -1 - (6194 + -6170)
-11
9 + (9 - 4) + -7 + 0
7
Calculate (-6 - 5) + 49 + -21.
17
Evaluate 7 + (-18 + 7 - (8 + -21)).
9
What is -44 + 1 + (-12 - -22)?
-33
Calculate 5 + (17 - 38 - -19) - (-1 - -2).
2
Calculate (43 - 34) + -16 + -2 - (9 + 2).
-20
What is the value of -11 - (10 + 2 - 4)?
-19
Evaluate 2 + -8 + -2 + 13 + 11.
16
Calculate (-47 - -53) + (11 - 2).
15
What is the value of -5 - (8 - -17) - (1 + -14)?
-17
Evaluate (-6 - -9 - 2) + 2 + -5 - 1.
-3
What is the value of (-4 - (-2 - 7)) + (-6 - (-3 + 0))?
2
-10 + 11 + -5 - ((2 - -1) + 3)
-10
Calculate 17 - (0 + 1 + 6).
10
What is the value of (-9 - (7 - 9)) + 4?
-3
What is -29 + 25 - (-14 - -21)?
-11
What is the value of 16 + -2 - (-1 + 8 - (-2 + 3))?
8
22 - (30 + -17 + 27)
-18
What is the value of (-21 - 8) + 32 + 8?
11
What is -26 + (-12 - -37) - -24?
23
What is 169 + -169 + (0 - -2 - 2) - 0?
0
What is -2 + -18 - (31 + -3 + -36)?
-12
What is the value of -3 - (4 - (12 - 14)) - -4?
-5
What is the value of -8 - (5 + 2 + -9)?
-6
What is -9 + -14 + 37 + (6 - 4 - 10)?
6
What is the value of -18 - (1 + 2 - (14 - (6 + 1)))?
-14
Evaluate -2 + (-4 - (-44 + 41 + 0 + 11)).
-14
Evaluate (-28 - -81) + -58 + (1 - -13).
9
-3 - (-8 + 7 + 1 + -3 - 3)
3
Calculate (7 - (-2 - -8)) + 9 + -6.
4
Evaluate -4 + (3 - (-1 + -2 + 2)) + -11.
-11
What is the value of -12 - (10 + -35) - 2?
11
Calculate 20 - (-6 + 8 + 8).
10
What is -14 - -53 - 16 - 41?
-18
Calculate (5 + -4 - -2) + (-1 + 2 - 6).
-2
What is the value of -4 + -11 + 9 + (1 - -9)?
4
(31 - 20) + -69 + 93
35
Calculate (-36 - (-3 - 25)) + 12 + (2 - 1).
5
Calculate 10 + -2 + (-1 - 3) + 21 + -2.
23
Evaluate -1 - -3 - (3 - 4 - -23) - -2.
-18
Calculate -1 + (19 - 17) + -6 + 1 - -3.
-1
Calculate -2 - (-1 - 14 - -3).
10
Evaluate 0 - (-7 + -3 + 18 + -1).
-7
What is -10 + (-8 - -7) + 1 - -20?
10
What is -23 - (11 - (-20 - -44))?
-10
Evaluate -7 + (-4 + 0 - 1) + 2.
-10
What is the value of -17 - ((3 - 3) + (26 - (18 - -4)))?
-21
(5 - (-5 - -19)) + (24 - (8 + 26))
-19
Calculate 16 + (-41 - -20) - -22.
17
Evaluate 3 + 4 + (6 - ((-4 - -8) + -4)).
13
Calculate 4 - (-2 - (-6 - 3)) - 2 - 4.
-9
What is 0 + 5 + 4 + -9 + 11?
11
1 + -51 + 5 - (-3 - 13)
-29
Evaluate 22 - 34 - (4 - 15).
-1
Calculate 51 + -30 + (-7 - -25) - 16.
23
What is (-55 - (-17 - (8 + -7))) + 4?
-33
What is the value of -13 + -9 + (-126 - -138)?
-10
Calculate -14 + (6 - (-11 + 17)).
-14
Evaluate 8 - (-1 + (-7 - -1) - (10 - 19)).
6
Calculate 8 + (-7 - -11 - 7 - 24).
-19
What is (9 - (-12 + -3 - -5 - 27)) + -8?
38
Evaluate 32 + (-1 - (9 + -10 + 7 + 0)).
25
What is the value of (-4 + 1 + -1 - 3) + 34 + -38?
-11
Calculate (-16 - -5) + 4 + (10 - 9).
-6
What is the value of (0 - 5) + 1 - (-25 + (37 - -1))?
-17
What is (215 - 222) + 1 + (-2 - -1)?
-7
Evaluate (1 - -1) + -1 + -1 - (-41 + 47).
-6
What is -24 - (-31 + -17 - -13)?
11
What is -11 - (17 - 18 - -3)?
-13
Evaluate (-10 - -7 - (0 + 1)) + -2 - 4.
-10
4 + -1 + (8 - (31 + -6))
-14
-5 - (-2 + 3 + -12 + -12)
18
What is the value of (-4 - -29) + (26 - (-31 + 72))?
10
10 - 9 - (-2 - -3 - (-14 - -25))
11
What is the value of -13 + (-24 - -30) + 15?
8
Calculate -21 + -3 + 15 + 8 + 6 - -35.
40
What is (-13 + -10 - -8 - 6) + 14?
-7
Evaluate 6 + -1 - (-25 - (-30 - (9 - 40))).
31
Evaluate 11 - (26 + -22) - (-6 + 36).
-23
0 + -1 + 6 + (3 - -2) - 5
5
What is the value 